 divisor of 16 and 3184?
16
Calculate the greatest common factor of 280 and 175.
35
Calculate the highest common factor of 2121 and 21.
21
What is the highest common divisor of 3995 and 94?
47
What is the greatest common divisor of 2448 and 528?
48
What is the greatest common divisor of 155 and 62?
31
What is the highest common factor of 2724 and 156?
12
Calculate the highest common factor of 9 and 153.
9
What is the highest common divisor of 533 and 377?
13
Calculate the highest common divisor of 4 and 758.
2
Calculate the greatest common divisor of 123 and 205.
41
What is the highest common factor of 425 and 25?
25
What is the highest common factor of 325 and 2080?
65
What is the highest common divisor of 15 and 33?
3
Calculate the highest common divisor of 187 and 34.
17
Calculate the greatest common factor of 14 and 1253.
7
Calculate the greatest common factor of 66 and 11715.
33
What is the highest common divisor of 10 and 3865?
5
What is the greatest common divisor of 657 and 2336?
73
Calculate the greatest common factor of 220 and 130.
10
What is the greatest common divisor of 3125 and 250?
125
What is the highest common factor of 774 and 1?
1
What is the greatest common divisor of 767 and 177?
59
Calculate the highest common factor of 4 and 103.
1
Calculate the greatest common divisor of 96 and 3432.
24
What is the highest common factor of 153 and 25?
1
Calculate the greatest common divisor of 1888 and 295.
59
What is the greatest common factor of 5890 and 228?
38
What is the highest common divisor of 180 and 280?
20
What is the highest common divisor of 1274 and 13?
13
Calculate the highest common divisor of 11 and 4169.
11
Calculate the greatest common factor of 944 and 208.
16
Calculate the highest common factor of 90 and 2190.
30
What is the highest common divisor of 972 and 72?
36
Calculate the highest common factor of 511 and 14.
7
What is the greatest common divisor of 56 and 91?
7
Calculate the greatest common factor of 59484 and 12.
12
What is the greatest common factor of 52 and 91?
13
Calculate the highest common factor of 123 and 656.
41
What is the greatest common factor of 500 and 4?
4
What is the highest common divisor of 104 and 680?
8
What is the highest common factor of 85 and 5?
5
What is the greatest common factor of 54 and 852?
6
Calculate the highest common factor of 312 and 26.
26
What is the greatest common divisor of 149 and 51703?
149
Calculate the highest common divisor of 40 and 4120.
40
Calculate the highest common factor of 680 and 7412.
68
What is the highest common factor of 7 and 371?
7
What is the greatest common divisor of 345 and 45?
15
What is the greatest common factor of 39 and 78?
39
What is the highest common divisor of 81 and 5184?
81
Calculate the greatest common divisor of 5 and 8185.
5
Calculate the highest common factor of 368 and 230.
46
Calculate the highest common factor of 4570 and 10.
10
What is the highest common divisor of 649 and 118?
59
Calculate the highest common factor of 1022 and 14.
14
What is the highest common divisor of 8593 and 39?
13
What is the highest common factor of 795 and 45?
15
Calculate the greatest common divisor of 70 and 3830.
10
What is the greatest common divisor of 133 and 63?
7
What is the highest common factor of 176 and 5?
1
Calculate the highest common divisor of 2601 and 81.
9
Calculate the greatest common divisor of 16 and 688.
16
What is the greatest common divisor of 1472 and 64?
64
What is the greatest common factor of 21 and 672?
21
What is the highest common factor of 513 and 81?
27
Calculate the highest common factor of 636 and 60.
12
What is the highest common divisor of 133 and 420?
7
What is the highest common factor of 1716 and 1540?
44
What is the highest common divisor of 19 and 1558?
19
What is the greatest common factor of 85 and 119?
17
Calculate the highest common factor of 47 and 11233.
47
What is the greatest common factor of 8 and 580?
4
What is the greatest common factor of 848 and 53?
53
Calculate the greatest common factor of 3161 and 218.
109
What is the greatest common factor of 176 and 22?
22
Calculate the highest common divisor of 228 and 24.
12
What is the highest common divisor of 12 and 114?
6
What is the highest common factor of 1075 and 25?
25
What is the highest common divisor of 4 and 44?
4
Calculate the highest common factor of 68 and 4930.
34
What is the greatest common divisor of 360 and 1280?
40
Calculate the highest common factor of 1035 and 45.
45
Calculate the highest common factor of 36 and 3492.
36
Calculate the highest common factor of 90 and 3190.
10
Calculate the greatest common divisor of 5 and 164.
1
Calculate the highest common factor of 137 and 93571.
137
What is the highest common divisor of 5124 and 252?
84
Calculate the greatest common factor of 640 and 70.
10
Calculate the highest common divisor of 96 and 432.
48
What is the highest common factor of 46 and 41883?
23
What is the greatest common factor of 232 and 8?
8
Calculate the highest common factor of 1148 and 492.
164
Calculate the highest common divisor of 108 and 2052.
108
Calculate the greatest common divisor of 591 and 12.
3
What is the greatest common divisor of 1273 and 38?
19
Calculate the greatest common divisor of 121 and 429.
11
What is the highest common divisor of 207 and 46?
23
What is the greatest common divisor of 336 and 432?
48
Calculate the greatest common factor of 2117 and 87.
29
What is the greatest common factor of 384 and 12?
12
What is the highest common divisor of 16 and 272?
16
What is the highest common divisor of 31 and 17?
1
What is the greatest common divisor of 37 and 131239?
37
Calculate the greatest common factor of 160 and 100.
20
What is the highest common divisor of 169 and 13?
13
Calculate the greatest common divisor of 4300 and 150.
50
What is the highest common factor of 5 and 40?
5
Calculate the greatest common divisor of 49 and 30282.
49
What is the highest common divisor of 216 and 702?
54
What is the highest common factor of 135 and 120?
15
Calculate the greatest common factor of 11 and 2519.
11
Calculate the greatest common divisor of 5145 and 5.
5
What is the greatest common divisor of 1955 and 85?
85
Calculate the greatest common divisor of 4067 and 49.
49
Calculate the greatest common factor of 2928 and 64.
16
Calculate the highest common divisor of 49 and 3.
1
Calculate the greatest common divisor of 75 and 4800.
75
What is the highest common factor of 6123 and 39?
39
What is the highest common divisor of 990 and 42240?
330
What is the greatest common factor of 29 and 68121?
29
What is the greatest common factor of 9645 and 15?
15
Calculate the highest common factor of 372 and 96.
12
What is the greatest common factor of 480 and 440?
40
What is the highest common factor of 7458 and 452?
226
What is the greatest common factor of 34113 and 83?
83
Calculate the greatest common divisor of 14 and 1358.
14
Calculate the greatest common factor of 5 and 1445.
5
Calculate the greatest common factor of 609 and 147.
21
What is the greatest common divisor of 10 and 1070?
10
Calculate the greatest common divisor of 108 and 135.
27
What is the greatest common factor of 371 and 1961?
53
What is the greatest common factor of 104 and 572?
52
What is the greatest common factor of 39 and 507?
39
What is the highest common factor of 188 and 470?
94
What is the highest common divisor of 24 and 1356?
12
Calculate the highest common divisor of 21 and 3381.
21
Calculate the highest common divisor of 60 and 12.
12
Calculate the highest common factor of 495 and 315.
45
Calculate the highest common factor of 6266 and 494.
26
Calculate the highest common factor of 8405 and 205.
205
Calculate the highest common factor of 876 and 30368.
292
What is the greatest common divisor of 243 and 144?
9
What is the highest common divisor of 12 and 204?
12
Calculate the greatest common factor of 1400 and 50.
50
What is the greatest common divisor of 7808 and 8?
8
Calculate the highest common factor of 180 and 6.
6
Calculate the highest common divisor of 11 and 2.
1
What is the greatest common divisor of 90 and 3555?
45
What is the greatest common divisor of 6 and 11667?
3
What is the highest common divisor of 44 and 132?
44
Calculate 